{"id":1960,"date":"2026-07-21T15:11:04","date_gmt":"2026-07-21T15:11:04","guid":{"rendered":"https:\/\/spectrals.ch\/sebastien\/?page_id=1960"},"modified":"2026-09-02T14:13:35","modified_gmt":"2026-09-02T14:13:35","slug":"about","status":"publish","type":"page","link":"https:\/\/spectrals.ch\/sebastien\/about\/","title":{"rendered":"ABOUT"},"content":{"rendered":"<p>[et_pb_section fb_built=\u00a0\u00bb1&Prime; _builder_version=\u00a0\u00bb4.16&Prime; _module_preset=\u00a0\u00bbdefault\u00a0\u00bb custom_margin=\u00a0\u00bb||-43px|||\u00a0\u00bb global_colors_info=\u00a0\u00bb{}\u00a0\u00bb][et_pb_row column_structure=\u00a0\u00bb1_2,1_2&Prime; _builder_version=\u00a0\u00bb4.27.7&Prime; _module_preset=\u00a0\u00bbdefault\u00a0\u00bb custom_margin=\u00a0\u00bb-15px||||false|false\u00a0\u00bb custom_margin_tablet=\u00a0\u00bb-15px||||false|false\u00a0\u00bb custom_margin_phone=\u00a0\u00bb-40px||||false|false\u00a0\u00bb custom_margin_last_edited=\u00a0\u00bbon|phone\u00a0\u00bb custom_padding=\u00a0\u00bb0px||||false|false\u00a0\u00bb global_colors_info=\u00a0\u00bb{}\u00a0\u00bb][et_pb_column type=\u00a0\u00bb1_2&Prime; _builder_version=\u00a0\u00bb4.20.4&Prime; _module_preset=\u00a0\u00bbdefault\u00a0\u00bb global_colors_info=\u00a0\u00bb{}\u00a0\u00bb][et_pb_image src=\u00a0\u00bbhttps:\/\/spectrals.ch\/sebastien\/wp-content\/uploads\/2026\/08\/sebastien_bridot_autoportrait.jpg\u00a0\u00bb title_text=\u00a0\u00bbsebastien_bridot_autoportrait\u00a0\u00bb _builder_version=\u00a0\u00bb4.27.7&Prime; _module_preset=\u00a0\u00bbdefault\u00a0\u00bb global_colors_info=\u00a0\u00bb{}\u00a0\u00bb][\/et_pb_image][\/et_pb_column][et_pb_column type=\u00a0\u00bb1_2&Prime; _builder_version=\u00a0\u00bb4.16&Prime; _module_preset=\u00a0\u00bbdefault\u00a0\u00bb global_colors_info=\u00a0\u00bb{}\u00a0\u00bb][et_pb_text content_tablet=\u00a0\u00bb<\/p>\n<p><strong>S\u00c9BASTIEN BRIDOT<\/strong><\/p>\n<p>N\u00c9 \u00c0 LAUSANNE EN 1976, VIS ET TRAVAILLE \u00c0 LA CHAUX-DE-FONS EN SUISSE.<br \/>D&rsquo;ORIGINE FRAN\u00c7AISE, SUISSE ET AUTRICHIENNE, IL D\u00c9BUTE LA PHOTOGRAPHIE ET LE GRAPHISME EN 1994 \u00c0 L&rsquo;\u00c9COLE D&rsquo;ARTS APPLIQU\u00c9S DE VEVEY, CURSUS COMPL\u00c9T\u00c9 PAR UNE FORMATION %22DUAL%22 DE PHOTOGRAPHE AU CENTRE UNIVERSITAITE VAUDOIS (CHUV) \u00c0 LAUSANNE AINSI QU&rsquo;\u00c0 L&rsquo;\u00c9COLE DE PHOTOGRAPHIE DE VEVEY (CEPV).<\/p>\n<p>APR\u00c8S QUELQUES ANN\u00c9ES EN TANT QUE COLLABORATEUR TECHNIQUE EN PHOTOGRAPHIE \u00c0 L&rsquo;ECAL (\u00c9COLE CANTONALE D&rsquo;ART DE LAUSANNE), SE LANCE COMME IND\u00c9PENDANT, PARTICIPE \u00c0 DIVERS COLLECTIFS, AVANT DE CR\u00c9E EN TANDEM AVEC <a href=%22http:\/\/www.spectrals.ch\/caroline%22 data-et-target-link=%22_blank%22 rel=%22noopener%22><span style=%22text-decoration: underline;%22>CAROLINE SMYRLIADIS<\/span><\/a> <a href=%22http:\/\/www.spectrals.ch%22 data-et-target-link=%22_blank%22 rel=%22noopener%22><span style=%22text-decoration: underline;%22>SPECTRALS<\/span><\/a>, STUDIO ALLIANT PHOTOGRAPHIE ET GRAPHISME.<\/p>\n<p>PARALL\u00c8LEMENT \u00c0 SES ACTIVIT\u00c9S PROFESSIONNELLES, IL ENTRETIENT UNE GRANDE PASSION POUR LA PHOTOGRAPHIE ARGENTIQUE EN NOIR ET BLANC. CE TRAVAIL DE RECHERCHE A DONN\u00c9 NAISSANCE \u00c0 \u00ab NOWHERELAND \u00bb, UN PROJET AU LONG COURS DESTIN\u00c9 \u00c0 L&rsquo;\u00c9DITION ET \u00c0 L&rsquo;EXPOSITION.<\/p>\n<p>\u00a0\u00bb content_phone=\u00a0\u00bb<\/p>\n<p><strong>S\u00c9BASTIEN BRIDOT<\/strong><\/p>\n<p>N\u00c9 \u00c0 LAUSANNE EN 1976, VIS ET TRAVAILLE \u00c0 LA CHAUX-DE-FONS EN SUISSE.<br \/>D&rsquo;ORIGINE FRAN\u00c7AISE, SUISSE ET AUTRICHIENNE, IL D\u00c9BUTE LA PHOTOGRAPHIE ET LE GRAPHISME EN 1994 \u00c0 L&rsquo;\u00c9COLE D&rsquo;ARTS APPLIQU\u00c9S DE VEVEY, CURSUS COMPL\u00c9T\u00c9 PAR UNE FORMATION %22DUAL%22 DE PHOTOGRAPHE AU CENTRE UNIVERSITAITE VAUDOIS (CHUV) \u00c0 LAUSANNE AINSI QU&rsquo;\u00c0 L&rsquo;\u00c9COLE DE PHOTOGRAPHIE DE VEVEY (CEPV).<\/p>\n<p>APR\u00c8S QUELQUES ANN\u00c9ES EN TANT QUE COLLABORATEUR TECHNIQUE EN PHOTOGRAPHIE \u00c0 L&rsquo;ECAL (\u00c9COLE CANTONALE D&rsquo;ART DE LAUSANNE), SE LANCE COMME IND\u00c9PENDANT, PARTICIPE \u00c0 DIVERS COLLECTIFS, AVANT DE CR\u00c9E EN TANDEM AVEC <a href=%22http:\/\/www.spectrals.ch\/caroline%22 data-et-target-link=%22_blank%22 rel=%22noopener%22><span style=%22text-decoration: underline;%22>CAROLINE SMYRLIADIS<\/span><\/a> <a href=%22http:\/\/www.spectrals.ch%22 data-et-target-link=%22_blank%22 rel=%22noopener%22><span style=%22text-decoration: underline;%22>SPECTRALS<\/span><\/a>, STUDIO ALLIANT PHOTOGRAPHIE ET GRAPHISME.<\/p>\n<p>PARALL\u00c8LEMENT \u00c0 SES ACTIVIT\u00c9S PROFESSIONNELLES, IL ENTRETIENT UNE GRANDE PASSION POUR LA PHOTOGRAPHIE ARGENTIQUE EN NOIR ET BLANC. CE TRAVAIL DE RECHERCHE A DONN\u00c9 NAISSANCE \u00c0 \u00ab NOWHERELAND \u00bb, UN PROJET AU LONG COURS DESTIN\u00c9 \u00c0 L&rsquo;\u00c9DITION ET \u00c0 L&rsquo;EXPOSITION.<\/p>\n<p>\u00a0\u00bb content_last_edited=\u00a0\u00bbon|phone\u00a0\u00bb _builder_version=\u00a0\u00bb4.27.8&Prime; _module_preset=\u00a0\u00bbdefault\u00a0\u00bb text_letter_spacing=\u00a0\u00bb1px\u00a0\u00bb text_line_height=\u00a0\u00bb1.6em\u00a0\u00bb link_font=\u00a0\u00bb||||on||||solid\u00a0\u00bb header_font_size=\u00a0\u00bb14px\u00a0\u00bb header_letter_spacing=\u00a0\u00bb1px\u00a0\u00bb header_line_height=\u00a0\u00bb1.6em\u00a0\u00bb header_2_font_size=\u00a0\u00bb14px\u00a0\u00bb header_2_letter_spacing=\u00a0\u00bb1px\u00a0\u00bb header_2_line_height=\u00a0\u00bb1.6em\u00a0\u00bb width=\u00a0\u00bb100%\u00a0\u00bb module_alignment=\u00a0\u00bbcenter\u00a0\u00bb animation_style=\u00a0\u00bbfade\u00a0\u00bb animation_duration=\u00a0\u00bb1650ms\u00a0\u00bb link_option_url_new_window=\u00a0\u00bbon\u00a0\u00bb hover_enabled=\u00a0\u00bb0&Prime; text_line_height_tablet=\u00a0\u00bb1.6em\u00a0\u00bb text_line_height_phone=\u00a0\u00bb1.6em\u00a0\u00bb text_line_height_last_edited=\u00a0\u00bbon|phone\u00a0\u00bb locked=\u00a0\u00bboff\u00a0\u00bb global_colors_info=\u00a0\u00bb{}\u00a0\u00bb sticky_enabled=\u00a0\u00bb0&Prime;]<\/p>\n<p><strong>S\u00c9BASTIEN BRIDOT<\/strong><\/p>\n<p>N\u00c9 \u00c0 LAUSANNE EN 1976, VIS ET TRAVAILLE \u00c0 LA CHAUX-DE-FONS EN SUISSE.<br \/>D&rsquo;ORIGINE FRAN\u00c7AISE, SUISSE ET AUTRICHIENNE, IL D\u00c9BUTE LA PHOTOGRAPHIE ET LE GRAPHISME EN 1994 \u00c0 L&rsquo;\u00c9COLE D&rsquo;ARTS APPLIQU\u00c9S DE VEVEY, CURSUS COMPL\u00c9T\u00c9 PAR UNE FORMATION \u00ab\u00a0DUAL\u00a0\u00bb DE PHOTOGRAPHE AU CENTRE UNIVERSITAITE VAUDOIS (CHUV) \u00c0 LAUSANNE AINSI QU&rsquo;\u00c0 L&rsquo;\u00c9COLE DE PHOTOGRAPHIE DE VEVEY (CEPV).<\/p>\n<p>APR\u00c8S QUELQUES ANN\u00c9ES EN TANT QUE COLLABORATEUR TECHNIQUE EN PHOTOGRAPHIE \u00c0 L&rsquo;ECAL (\u00c9COLE CANTONALE D&rsquo;ART DE LAUSANNE), SE LANCE COMME IND\u00c9PENDANT, PARTICIPE \u00c0 DIVERS COLLECTIFS, AVANT DE CR\u00c9E EN TANDEM AVEC <a href=\"http:\/\/www.spectrals.ch\/caroline\" target=\"_blank\" rel=\"noopener\"><span style=\"text-decoration: underline;\">CAROLINE SMYRLIADIS<\/span><\/a> <a href=\"http:\/\/www.spectrals.ch\" target=\"_blank\" rel=\"noopener\"><span style=\"text-decoration: underline;\">SPECTRALS<\/span><\/a>, STUDIO ALLIANT PHOTOGRAPHIE ET GRAPHISME.<\/p>\n<p>PARALL\u00c8LEMENT \u00c0 SES ACTIVIT\u00c9S PROFESSIONNELLES, IL ENTRETIENT UNE GRANDE PASSION POUR LA PHOTOGRAPHIE ARGENTIQUE EN NOIR ET BLANC. CE TRAVAIL DE RECHERCHE A DONN\u00c9 NAISSANCE \u00c0 \u00ab NOWHERELAND \u00bb, UN PROJET AU LONG COURS DESTIN\u00c9 \u00c0 L&rsquo;\u00c9DITION ET \u00c0 L&rsquo;EXPOSITION.<\/p>\n<p>[\/et_pb_text][\/et_pb_column][\/et_pb_row][\/et_pb_section]<\/p>\n","protected":false},"excerpt":{"rendered":"<p>S\u00c9BASTIEN BRIDOT N\u00c9 \u00c0 LAUSANNE EN 1976, VIS ET TRAVAILLE \u00c0 LA CHAUX-DE-FONS EN SUISSE.D&rsquo;ORIGINE FRAN\u00c7AISE, SUISSE ET AUTRICHIENNE, IL D\u00c9BUTE LA PHOTOGRAPHIE ET LE GRAPHISME EN 1994 \u00c0 L&rsquo;\u00c9COLE D&rsquo;ARTS APPLIQU\u00c9S DE VEVEY, CURSUS COMPL\u00c9T\u00c9 PAR UNE FORMATION \u00ab\u00a0DUAL\u00a0\u00bb DE PHOTOGRAPHE AU CENTRE UNIVERSITAITE VAUDOIS (CHUV) \u00c0 LAUSANNE AINSI QU&rsquo;\u00c0 L&rsquo;\u00c9COLE DE PHOTOGRAPHIE DE VEVEY (CEPV). APR\u00c8S QUELQUES ANN\u00c9ES EN TANT QUE COLLABORATEUR TECHNIQUE EN PHOTOGRAPHIE \u00c0 L&rsquo;ECAL (\u00c9COLE CANTONALE D&rsquo;ART DE LAUSANNE), SE LANCE COMME IND\u00c9PENDANT, PARTICIPE \u00c0 DIVERS COLLECTIFS, AVANT DE CR\u00c9E EN TANDEM AVEC CAROLINE SMYRLIADIS SPECTRALS, STUDIO ALLIANT PHOTOGRAPHIE ET GRAPHISME. PARALL\u00c8LEMENT \u00c0 SES ACTIVIT\u00c9S PROFESSIONNELLES, IL ENTRETIENT UNE GRANDE PASSION POUR LA PHOTOGRAPHIE ARGENTIQUE EN NOIR ET BLANC. CE TRAVAIL DE RECHERCHE A DONN\u00c9 NAISSANCE \u00c0 \u00ab NOWHERELAND \u00bb, UN PROJET AU LONG COURS DESTIN\u00c9 \u00c0 L&rsquo;\u00c9DITION ET \u00c0 L&rsquo;EXPOSITION.<\/p>\n","protected":false},"author":1,"featured_media":0,"parent":0,"menu_order":0,"comment_status":"closed","ping_status":"closed","template":"","meta":{"_et_pb_use_builder":"on","_et_pb_old_content":"<!-- wp:divi\/placeholder \/-->","_et_gb_content_width":"","footnotes":""},"class_list":["post-1960","page","type-page","status-publish","hentry"],"_links":{"self":[{"href":"https:\/\/spectrals.ch\/sebastien\/wp-json\/wp\/v2\/pages\/1960","targetHints":{"allow":["GET"]}}],"collection":[{"href":"https:\/\/spectrals.ch\/sebastien\/wp-json\/wp\/v2\/pages"}],"about":[{"href":"https:\/\/spectrals.ch\/sebastien\/wp-json\/wp\/v2\/types\/page"}],"author":[{"embeddable":true,"href":"https:\/\/spectrals.ch\/sebastien\/wp-json\/wp\/v2\/users\/1"}],"replies":[{"embeddable":true,"href":"https:\/\/spectrals.ch\/sebastien\/wp-json\/wp\/v2\/comments?post=1960"}],"version-history":[{"count":28,"href":"https:\/\/spectrals.ch\/sebastien\/wp-json\/wp\/v2\/pages\/1960\/revisions"}],"predecessor-version":[{"id":2335,"href":"https:\/\/spectrals.ch\/sebastien\/wp-json\/wp\/v2\/pages\/1960\/revisions\/2335"}],"wp:attachment":[{"href":"https:\/\/spectrals.ch\/sebastien\/wp-json\/wp\/v2\/media?parent=1960"}],"curies":[{"name":"wp","href":"https:\/\/api.w.org\/{rel}","templated":true}]}}

<p>[et_pb_section fb_built= »1&Prime; _builder_version= »4.16&Prime; _module_preset= »default » custom_margin= »||-43px||| » global_colors_info= »{} »][et_pb_row column_structure= »1_2,1_2&Prime; _builder_version= »4.27.7&Prime; _module_preset= »default » custom_margin= »-15px||||false|false » custom_margin_tablet= »-15px||||false|false » custom_margin_phone= »-40px||||false|false » custom_margin_last_edited= »on|phone » custom_padding= »0px||||false|false » global_colors_info= »{} »][et_pb_column type= »1_2&Prime; _builder_version= »4.20.4&Prime; _module_preset= »default » global_colors_info= »{} »][et_pb_image src= »https://spectrals.ch/sebastien/wp-content/uploads/2026/08/sebastien_bridot_autoportrait.jpg » title_text= »sebastien_bridot_autoportrait » _builder_version= »4.27.7&Prime; _module_preset= »default » global_colors_info= »{} »][/et_pb_image][/et_pb_column][et_pb_column type= »1_2&Prime; _builder_version= »4.16&Prime; _module_preset= »default » global_colors_info= »{} »][et_pb_text content_tablet= »</p>
<p><strong>SÉBASTIEN BRIDOT</strong></p>
<p>NÉ À LAUSANNE EN 1976, VIS ET TRAVAILLE À LA CHAUX-DE-FONS EN SUISSE.<br />D&rsquo;ORIGINE FRANÇAISE, SUISSE ET AUTRICHIENNE, IL DÉBUTE LA PHOTOGRAPHIE ET LE GRAPHISME EN 1994 À L&rsquo;ÉCOLE D&rsquo;ARTS APPLIQUÉS DE VEVEY, CURSUS COMPLÉTÉ PAR UNE FORMATION %22DUAL%22 DE PHOTOGRAPHE AU CENTRE UNIVERSITAITE VAUDOIS (CHUV) À LAUSANNE AINSI QU&rsquo;À L&rsquo;ÉCOLE DE PHOTOGRAPHIE DE VEVEY (CEPV).</p>
<p>APRÈS QUELQUES ANNÉES EN TANT QUE COLLABORATEUR TECHNIQUE EN PHOTOGRAPHIE À L&rsquo;ECAL (ÉCOLE CANTONALE D&rsquo;ART DE LAUSANNE), SE LANCE COMME INDÉPENDANT, PARTICIPE À DIVERS COLLECTIFS, AVANT DE CRÉE EN TANDEM AVEC <a href=%22http://www.spectrals.ch/caroline%22 data-et-target-link=%22_blank%22 rel=%22noopener%22><span style=%22text-decoration: underline;%22>CAROLINE SMYRLIADIS</span></a> <a href=%22http://www.spectrals.ch%22 data-et-target-link=%22_blank%22 rel=%22noopener%22><span style=%22text-decoration: underline;%22>SPECTRALS</span></a>, STUDIO ALLIANT PHOTOGRAPHIE ET GRAPHISME.</p>
<p>PARALLÈLEMENT À SES ACTIVITÉS PROFESSIONNELLES, IL ENTRETIENT UNE GRANDE PASSION POUR LA PHOTOGRAPHIE ARGENTIQUE EN NOIR ET BLANC. CE TRAVAIL DE RECHERCHE A DONNÉ NAISSANCE À « NOWHERELAND », UN PROJET AU LONG COURS DESTINÉ À L&rsquo;ÉDITION ET À L&rsquo;EXPOSITION.</p>
<p> » content_phone= »</p>
<p><strong>SÉBASTIEN BRIDOT</strong></p>
<p>NÉ À LAUSANNE EN 1976, VIS ET TRAVAILLE À LA CHAUX-DE-FONS EN SUISSE.<br />D&rsquo;ORIGINE FRANÇAISE, SUISSE ET AUTRICHIENNE, IL DÉBUTE LA PHOTOGRAPHIE ET LE GRAPHISME EN 1994 À L&rsquo;ÉCOLE D&rsquo;ARTS APPLIQUÉS DE VEVEY, CURSUS COMPLÉTÉ PAR UNE FORMATION %22DUAL%22 DE PHOTOGRAPHE AU CENTRE UNIVERSITAITE VAUDOIS (CHUV) À LAUSANNE AINSI QU&rsquo;À L&rsquo;ÉCOLE DE PHOTOGRAPHIE DE VEVEY (CEPV).</p>
<p>APRÈS QUELQUES ANNÉES EN TANT QUE COLLABORATEUR TECHNIQUE EN PHOTOGRAPHIE À L&rsquo;ECAL (ÉCOLE CANTONALE D&rsquo;ART DE LAUSANNE), SE LANCE COMME INDÉPENDANT, PARTICIPE À DIVERS COLLECTIFS, AVANT DE CRÉE EN TANDEM AVEC <a href=%22http://www.spectrals.ch/caroline%22 data-et-target-link=%22_blank%22 rel=%22noopener%22><span style=%22text-decoration: underline;%22>CAROLINE SMYRLIADIS</span></a> <a href=%22http://www.spectrals.ch%22 data-et-target-link=%22_blank%22 rel=%22noopener%22><span style=%22text-decoration: underline;%22>SPECTRALS</span></a>, STUDIO ALLIANT PHOTOGRAPHIE ET GRAPHISME.</p>
<p>PARALLÈLEMENT À SES ACTIVITÉS PROFESSIONNELLES, IL ENTRETIENT UNE GRANDE PASSION POUR LA PHOTOGRAPHIE ARGENTIQUE EN NOIR ET BLANC. CE TRAVAIL DE RECHERCHE A DONNÉ NAISSANCE À « NOWHERELAND », UN PROJET AU LONG COURS DESTINÉ À L&rsquo;ÉDITION ET À L&rsquo;EXPOSITION.</p>
<p> » content_last_edited= »on|phone » _builder_version= »4.27.8&Prime; _module_preset= »default » text_letter_spacing= »1px » text_line_height= »1.6em » link_font= »||||on||||solid » header_font_size= »14px » header_letter_spacing= »1px » header_line_height= »1.6em » header_2_font_size= »14px » header_2_letter_spacing= »1px » header_2_line_height= »1.6em » width= »100% » module_alignment= »center » animation_style= »fade » animation_duration= »1650ms » link_option_url_new_window= »on » hover_enabled= »0&Prime; text_line_height_tablet= »1.6em » text_line_height_phone= »1.6em » text_line_height_last_edited= »on|phone » locked= »off » global_colors_info= »{} » sticky_enabled= »0&Prime;]</p>
<p><strong>SÉBASTIEN BRIDOT</strong></p>
<p>NÉ À LAUSANNE EN 1976, VIS ET TRAVAILLE À LA CHAUX-DE-FONS EN SUISSE.<br />D&rsquo;ORIGINE FRANÇAISE, SUISSE ET AUTRICHIENNE, IL DÉBUTE LA PHOTOGRAPHIE ET LE GRAPHISME EN 1994 À L&rsquo;ÉCOLE D&rsquo;ARTS APPLIQUÉS DE VEVEY, CURSUS COMPLÉTÉ PAR UNE FORMATION « DUAL » DE PHOTOGRAPHE AU CENTRE UNIVERSITAITE VAUDOIS (CHUV) À LAUSANNE AINSI QU&rsquo;À L&rsquo;ÉCOLE DE PHOTOGRAPHIE DE VEVEY (CEPV).</p>
<p>APRÈS QUELQUES ANNÉES EN TANT QUE COLLABORATEUR TECHNIQUE EN PHOTOGRAPHIE À L&rsquo;ECAL (ÉCOLE CANTONALE D&rsquo;ART DE LAUSANNE), SE LANCE COMME INDÉPENDANT, PARTICIPE À DIVERS COLLECTIFS, AVANT DE CRÉE EN TANDEM AVEC <a href="http://www.spectrals.ch/caroline" target="_blank" rel="noopener"><span style="text-decoration: underline;">CAROLINE SMYRLIADIS</span></a> <a href="http://www.spectrals.ch" target="_blank" rel="noopener"><span style="text-decoration: underline;">SPECTRALS</span></a>, STUDIO ALLIANT PHOTOGRAPHIE ET GRAPHISME.</p>
<p>PARALLÈLEMENT À SES ACTIVITÉS PROFESSIONNELLES, IL ENTRETIENT UNE GRANDE PASSION POUR LA PHOTOGRAPHIE ARGENTIQUE EN NOIR ET BLANC. CE TRAVAIL DE RECHERCHE A DONNÉ NAISSANCE À « NOWHERELAND », UN PROJET AU LONG COURS DESTINÉ À L&rsquo;ÉDITION ET À L&rsquo;EXPOSITION.</p>
<p>[/et_pb_text][/et_pb_column][/et_pb_row][/et_pb_section]</p>

<p>SÉBASTIEN BRIDOT NÉ À LAUSANNE EN 1976, VIS ET TRAVAILLE À LA CHAUX-DE-FONS EN SUISSE.D&rsquo;ORIGINE FRANÇAISE, SUISSE ET AUTRICHIENNE, IL DÉBUTE LA PHOTOGRAPHIE ET LE GRAPHISME EN 1994 À L&rsquo;ÉCOLE D&rsquo;ARTS APPLIQUÉS DE VEVEY, CURSUS COMPLÉTÉ PAR UNE FORMATION « DUAL » DE PHOTOGRAPHE AU CENTRE UNIVERSITAITE VAUDOIS (CHUV) À LAUSANNE AINSI QU&rsquo;À L&rsquo;ÉCOLE DE PHOTOGRAPHIE DE VEVEY (CEPV). APRÈS QUELQUES ANNÉES EN TANT QUE COLLABORATEUR TECHNIQUE EN PHOTOGRAPHIE À L&rsquo;ECAL (ÉCOLE CANTONALE D&rsquo;ART DE LAUSANNE), SE LANCE COMME INDÉPENDANT, PARTICIPE À DIVERS COLLECTIFS, AVANT DE CRÉE EN TANDEM AVEC CAROLINE SMYRLIADIS SPECTRALS, STUDIO ALLIANT PHOTOGRAPHIE ET GRAPHISME. PARALLÈLEMENT À SES ACTIVITÉS PROFESSIONNELLES, IL ENTRETIENT UNE GRANDE PASSION POUR LA PHOTOGRAPHIE ARGENTIQUE EN NOIR ET BLANC. CE TRAVAIL DE RECHERCHE A DONNÉ NAISSANCE À « NOWHERELAND », UN PROJET AU LONG COURS DESTINÉ À L&rsquo;ÉDITION ET À L&rsquo;EXPOSITION.</p>
