{"id":2618,"date":"2026-03-12T16:21:52","date_gmt":"2026-03-12T16:21:52","guid":{"rendered":"https:\/\/spectrals.ch\/caroline\/?page_id=2618"},"modified":"2026-08-31T08:59:29","modified_gmt":"2026-08-31T08:59:29","slug":"a-propos","status":"publish","type":"page","link":"https:\/\/spectrals.ch\/caroline\/a-propos\/","title":{"rendered":"\u00c0 PROPOS"},"content":{"rendered":"<p>[et_pb_section fb_built=\u00a0\u00bb1&Prime; _builder_version=\u00a0\u00bb4.27.6&Prime; _module_preset=\u00a0\u00bbdefault\u00a0\u00bb background_enable_color=\u00a0\u00bboff\u00a0\u00bb custom_margin=\u00a0\u00bb||-43px|||\u00a0\u00bb global_colors_info=\u00a0\u00bb{}\u00a0\u00bb][et_pb_row _builder_version=\u00a0\u00bb4.27.6&Prime; _module_preset=\u00a0\u00bbdefault\u00a0\u00bb width=\u00a0\u00bb100%\u00a0\u00bb max_width=\u00a0\u00bb1000px\u00a0\u00bb max_width_tablet=\u00a0\u00bb577px\u00a0\u00bb max_width_phone=\u00a0\u00bb300px\u00a0\u00bb max_width_last_edited=\u00a0\u00bbon|phone\u00a0\u00bb module_alignment=\u00a0\u00bbcenter\u00a0\u00bb min_height=\u00a0\u00bb700px\u00a0\u00bb min_height_tablet=\u00a0\u00bb800px\u00a0\u00bb min_height_phone=\u00a0\u00bb600px\u00a0\u00bb min_height_last_edited=\u00a0\u00bbon|phone\u00a0\u00bb height=\u00a0\u00bb700px\u00a0\u00bb height_tablet=\u00a0\u00bb800px\u00a0\u00bb height_phone=\u00a0\u00bb600px\u00a0\u00bb height_last_edited=\u00a0\u00bbon|phone\u00a0\u00bb max_height=\u00a0\u00bb700px\u00a0\u00bb max_height_tablet=\u00a0\u00bb800px\u00a0\u00bb max_height_phone=\u00a0\u00bb600px\u00a0\u00bb max_height_last_edited=\u00a0\u00bbon|phone\u00a0\u00bb custom_margin=\u00a0\u00bb-20px||0px||false|false\u00a0\u00bb custom_margin_tablet=\u00a0\u00bb-30px||||false|false\u00a0\u00bb custom_margin_phone=\u00a0\u00bb-28px||||false|false\u00a0\u00bb custom_margin_last_edited=\u00a0\u00bbon|phone\u00a0\u00bb module_alignment_tablet=\u00a0\u00bbcenter\u00a0\u00bb module_alignment_phone=\u00a0\u00bbcenter\u00a0\u00bb module_alignment_last_edited=\u00a0\u00bbon|phone\u00a0\u00bb custom_css_free_form=\u00a0\u00bb.selector .et_pb_module.et_pb_text .et_pb_text_inner p {||  text-align: left;||}\u00a0\u00bb global_colors_info=\u00a0\u00bb{}\u00a0\u00bb][et_pb_column type=\u00a0\u00bb4_4&Prime; _builder_version=\u00a0\u00bb4.27.6&Prime; _module_preset=\u00a0\u00bbdefault\u00a0\u00bb global_colors_info=\u00a0\u00bb{}\u00a0\u00bb][et_pb_text content_tablet=\u00a0\u00bbCaroline Smyrliadis suit une formation %22duale%22 de photographe au sein du Centre Hospitalier Universitaire Vaudois (CHUV) \u00e0 Lausanne, ainsi qu&rsquo;\u00e0 l&rsquo;Ecole de photographie de Vevey (CEPV).<\/p>\n<p>Cette alternance entre le domaine scientifique et artistique la marque profond\u00e9ment, d\u00e9clenchant une forme de vision multidimensionnelle, r\u00e9veillant ses r\u00e9flexions de toujours, nourrissant ses sujets de pr\u00e9dilection. La cr\u00e9ation d&rsquo;images devient non seulement une fa\u00e7on d&rsquo;explorer de telles curiosit\u00e9s, mais \u00e9galement un moyen de r\u00e9pondre \u00e0 son environnement, aux faits qui l&rsquo;intriguent.<\/p>\n<p>Lors de ses \u00e9tudes, son int\u00e9r\u00eat grandissant pour la photographie de studio et la nature morte ne cesse de cro\u00eetre. Ainsi, son dipl\u00f4me en poche, elle s&rsquo;achemine vers le still life, la photographie horlog\u00e8re, et la reproduction d&rsquo;\u0153uvres d&rsquo;art.<\/p>\n<p>Actuellement, Caroline travaille au sein de SPECTRALS, studio d\u00e9di\u00e9 \u00e0 la photographie et au graphisme, cr\u00e9\u00e9 en 2015 en tandem avec S\u00e9bastien Bridot.<\/p>\n<p>A l\u2019instar de ses mandats, Caroline cherche et s&rsquo;active inlassablement \u00e0 fabriquer des images tant\u00f4t fortes et impactantes, tant\u00f4t d\u00e9licates et sensibles, donnant \u00e0 voir sa perception au travers de la photographie.<\/p>\n<p>Caroline Smyrliadis<br \/>\nPhotographe gr\u00e9co-suisse<br \/>\nNaissance en 1982 \u00e0 Lausanne, Suisse<br \/>\nVit et travaille \u00e0 La Chaux-de-Fonds, Suisse<\/p>\n<p><a href=%22tel:+41787890440%22>+41 78 789 04 40<\/a><\/p>\n<p><a href=%22mailto:caroline@spectrals.ch%22>caroline@spectrals.ch<\/a><\/p>\n<p><a href=%22http:\/\/www.spectrals.ch%22 data-et-target-link=%22_blank%22 rel=%22noopener%22>www.spectrals.ch<\/a>\u00a0\u00bb content_phone=\u00a0\u00bb<\/p>\n<p>Caroline Smyrliadis suit une formation %22duale%22 de photographe au sein du Centre Hospitalier Universitaire Vaudois (CHUV) \u00e0 Lausanne, ainsi qu&rsquo;\u00e0 l&rsquo;Ecole de photographie de Vevey (CEPV).<\/p>\n<p>Cette alternance entre le domaine scientifique et artistique la marque profond\u00e9ment, d\u00e9clenchant une forme de vision multidimensionnelle, r\u00e9veillant ses r\u00e9flexions de toujours, nourrissant ses sujets de pr\u00e9dilection. La cr\u00e9ation d&rsquo;images devient non seulement une fa\u00e7on d&rsquo;explorer de telles curiosit\u00e9s, mais \u00e9galement un moyen de r\u00e9pondre \u00e0 son environnement, aux faits qui l&rsquo;intriguent.<\/p>\n<p>Lors de ses \u00e9tudes, son int\u00e9r\u00eat grandissant pour la photographie de studio et la nature morte ne cesse de cro\u00eetre. Ainsi, son dipl\u00f4me en poche, elle s&rsquo;achemine vers le still life, la photographie horlog\u00e8re, et la reproduction d&rsquo;\u0153uvres d&rsquo;art.<\/p>\n<p>Actuellement, Caroline travaille au sein de SPECTRALS, studio d\u00e9di\u00e9 \u00e0 la photographie et au graphisme, cr\u00e9\u00e9 en 2015 en tandem avec S\u00e9bastien Bridot.<\/p>\n<p>A l\u2019instar de ses mandats, Caroline cherche et s&rsquo;active inlassablement \u00e0 fabriquer des images tant\u00f4t fortes et impactantes, tant\u00f4t d\u00e9licates et sensibles, donnant \u00e0 voir sa perception au travers de la photographie.<\/p>\n<p>Caroline Smyrliadis<br \/>Photographe gr\u00e9co-suisse<br \/>Naissance en 1982 \u00e0 Lausanne, Suisse<br \/>Vit et travaille \u00e0 La Chaux-de-Fonds, Suisse<\/p>\n<p><a href=%22tel:+41787890440%22>+41 78 789 04 40<\/a><\/p>\n<p><a href=%22mailto:caroline@spectrals.ch%22>caroline@spectrals.ch<\/a><\/p>\n<p><a href=%22http:\/\/www.spectrals.ch%22 data-et-target-link=%22_blank%22 rel=%22noopener%22>www.spectrals.ch<\/a><\/p>\n<p>\u00a0\u00bb content_last_edited=\u00a0\u00bbon|phone\u00a0\u00bb _builder_version=\u00a0\u00bb4.27.7&Prime; _module_preset=\u00a0\u00bbdefault\u00a0\u00bb text_font=\u00a0\u00bb|300|||||||\u00a0\u00bb text_text_color=\u00a0\u00bb#000000&Prime; text_font_size=\u00a0\u00bb15px\u00a0\u00bb text_line_height=\u00a0\u00bb1.3em\u00a0\u00bb custom_margin=\u00a0\u00bb-20px||||false|false\u00a0\u00bb custom_margin_tablet=\u00a0\u00bb-20px||||false|false\u00a0\u00bb custom_margin_phone=\u00a0\u00bb-20px||||false|false\u00a0\u00bb custom_margin_last_edited=\u00a0\u00bbon|phone\u00a0\u00bb text_font_size_tablet=\u00a0\u00bb\u00a0\u00bb text_font_size_phone=\u00a0\u00bb17px\u00a0\u00bb text_font_size_last_edited=\u00a0\u00bbon|phone\u00a0\u00bb custom_css_free_form=\u00a0\u00bb.selector {||  font-family: %22Helvetica Neue%22, Helvetica, Arial, sans-serif;||  font-weight: 300;||}\u00a0\u00bb global_colors_info=\u00a0\u00bb{}\u00a0\u00bb]<\/p>\n<p>Caroline Smyrliadis suit une formation \u00ab\u00a0duale\u00a0\u00bb de photographe au sein du Centre Hospitalier Universitaire Vaudois (CHUV) \u00e0 Lausanne, ainsi qu&rsquo;\u00e0 l&rsquo;Ecole de photographie de Vevey (CEPV).<\/p>\n<p>Cette alternance entre le domaine scientifique et artistique la marque profond\u00e9ment, d\u00e9clenchant une forme de vision multidimensionnelle, r\u00e9veillant ses r\u00e9flexions de toujours, nourrissant ses sujets de pr\u00e9dilection. La cr\u00e9ation d&rsquo;images devient non seulement une fa\u00e7on d&rsquo;explorer de telles curiosit\u00e9s, mais \u00e9galement un moyen de r\u00e9pondre \u00e0 son environnement, aux faits qui l&rsquo;intriguent.<\/p>\n<p>Lors de ses \u00e9tudes, son int\u00e9r\u00eat grandissant pour la photographie de studio et la nature morte ne cesse de cro\u00eetre. Ainsi, son dipl\u00f4me en poche, elle s&rsquo;achemine vers le still life, la photographie horlog\u00e8re, et la reproduction d&rsquo;\u0153uvres d&rsquo;art.<\/p>\n<p>Actuellement, Caroline travaille au sein de SPECTRALS, studio d\u00e9di\u00e9 \u00e0 la photographie et au graphisme, cr\u00e9\u00e9 en 2015 en tandem avec S\u00e9bastien Bridot.<\/p>\n<p>A l\u2019instar de ses mandats, Caroline cherche et s&rsquo;active inlassablement \u00e0 fabriquer des images tant\u00f4t fortes et impactantes, tant\u00f4t d\u00e9licates et sensibles, donnant \u00e0 voir sa perception au travers de la photographie.<\/p>\n<p>Caroline Smyrliadis<br \/>Photographe gr\u00e9co-suisse<br \/>Naissance en 1982 \u00e0 Lausanne, Suisse<br \/>Vit et travaille \u00e0 La Chaux-de-Fonds, Suisse<\/p>\n<p><a href=\"tel:+41787890440\">+41 78 789 04 40<\/a><\/p>\n<p><a href=\"mailto:caroline@spectrals.ch\">caroline@spectrals.ch<\/a><\/p>\n<p><a href=\"http:\/\/www.spectrals.ch\" target=\"_blank\" rel=\"noopener\">www.spectrals.ch<\/a><\/p>\n<p>[\/et_pb_text][\/et_pb_column][\/et_pb_row][\/et_pb_section]<\/p>\n","protected":false},"excerpt":{"rendered":"<p>Caroline Smyrliadis suit une formation \u00ab\u00a0duale\u00a0\u00bb de photographe au sein du Centre Hospitalier Universitaire Vaudois (CHUV) \u00e0 Lausanne, ainsi qu&rsquo;\u00e0 l&rsquo;Ecole de photographie de Vevey (CEPV). Cette alternance entre le domaine scientifique et artistique la marque profond\u00e9ment, d\u00e9clenchant une forme de vision multidimensionnelle, r\u00e9veillant ses r\u00e9flexions de toujours, nourrissant ses sujets de pr\u00e9dilection. La cr\u00e9ation d&rsquo;images devient non seulement une fa\u00e7on d&rsquo;explorer de telles curiosit\u00e9s, mais \u00e9galement un moyen de r\u00e9pondre \u00e0 son environnement, aux faits qui l&rsquo;intriguent. Lors de ses \u00e9tudes, son int\u00e9r\u00eat grandissant pour la photographie de studio et la nature morte ne cesse de cro\u00eetre. Ainsi, son dipl\u00f4me en poche, elle s&rsquo;achemine vers le still life, la photographie horlog\u00e8re, et la reproduction d&rsquo;\u0153uvres d&rsquo;art. Actuellement, Caroline travaille au sein de SPECTRALS, studio d\u00e9di\u00e9 \u00e0 la photographie et au graphisme, cr\u00e9\u00e9 en 2015 en tandem avec S\u00e9bastien Bridot. A l\u2019instar de ses mandats, Caroline cherche et s&rsquo;active inlassablement \u00e0 fabriquer des images tant\u00f4t fortes et impactantes, tant\u00f4t d\u00e9licates et sensibles, donnant \u00e0 voir sa perception au travers de la photographie. Caroline SmyrliadisPhotographe gr\u00e9co-suisseNaissance en 1982 \u00e0 Lausanne, SuisseVit et travaille \u00e0 La Chaux-de-Fonds, Suisse +41 78 789 04 40 caroline@spectrals.ch www.spectrals.ch<\/p>\n","protected":false},"author":1,"featured_media":0,"parent":0,"menu_order":0,"comment_status":"closed","ping_status":"closed","template":"","meta":{"_et_pb_use_builder":"on","_et_pb_old_content":"<!-- wp:divi\/placeholder \/-->","_et_gb_content_width":"","footnotes":""},"class_list":["post-2618","page","type-page","status-publish","hentry"],"_links":{"self":[{"href":"https:\/\/spectrals.ch\/caroline\/wp-json\/wp\/v2\/pages\/2618","targetHints":{"allow":["GET"]}}],"collection":[{"href":"https:\/\/spectrals.ch\/caroline\/wp-json\/wp\/v2\/pages"}],"about":[{"href":"https:\/\/spectrals.ch\/caroline\/wp-json\/wp\/v2\/types\/page"}],"author":[{"embeddable":true,"href":"https:\/\/spectrals.ch\/caroline\/wp-json\/wp\/v2\/users\/1"}],"replies":[{"embeddable":true,"href":"https:\/\/spectrals.ch\/caroline\/wp-json\/wp\/v2\/comments?post=2618"}],"version-history":[{"count":54,"href":"https:\/\/spectrals.ch\/caroline\/wp-json\/wp\/v2\/pages\/2618\/revisions"}],"predecessor-version":[{"id":3956,"href":"https:\/\/spectrals.ch\/caroline\/wp-json\/wp\/v2\/pages\/2618\/revisions\/3956"}],"wp:attachment":[{"href":"https:\/\/spectrals.ch\/caroline\/wp-json\/wp\/v2\/media?parent=2618"}],"curies":[{"name":"wp","href":"https:\/\/api.w.org\/{rel}","templated":true}]}}

À PROPOS

<p>[et_pb_section fb_built= »1&Prime; _builder_version= »4.27.6&Prime; _module_preset= »default » background_enable_color= »off » custom_margin= »||-43px||| » global_colors_info= »{} »][et_pb_row _builder_version= »4.27.6&Prime; _module_preset= »default » width= »100% » max_width= »1000px » max_width_tablet= »577px » max_width_phone= »300px » max_width_last_edited= »on|phone » module_alignment= »center » min_height= »700px » min_height_tablet= »800px » min_height_phone= »600px » min_height_last_edited= »on|phone » height= »700px » height_tablet= »800px » height_phone= »600px » height_last_edited= »on|phone » max_height= »700px » max_height_tablet= »800px » max_height_phone= »600px » max_height_last_edited= »on|phone » custom_margin= »-20px||0px||false|false » custom_margin_tablet= »-30px||||false|false » custom_margin_phone= »-28px||||false|false » custom_margin_last_edited= »on|phone » module_alignment_tablet= »center » module_alignment_phone= »center » module_alignment_last_edited= »on|phone » custom_css_free_form= ».selector .et_pb_module.et_pb_text .et_pb_text_inner p {||  text-align: left;||} » global_colors_info= »{} »][et_pb_column type= »4_4&Prime; _builder_version= »4.27.6&Prime; _module_preset= »default » global_colors_info= »{} »][et_pb_text content_tablet= »Caroline Smyrliadis suit une formation %22duale%22 de photographe au sein du Centre Hospitalier Universitaire Vaudois (CHUV) à Lausanne, ainsi qu&rsquo;à l&rsquo;Ecole de photographie de Vevey (CEPV).</p>
<p>Cette alternance entre le domaine scientifique et artistique la marque profondément, déclenchant une forme de vision multidimensionnelle, réveillant ses réflexions de toujours, nourrissant ses sujets de prédilection. La création d&rsquo;images devient non seulement une façon d&rsquo;explorer de telles curiosités, mais également un moyen de répondre à son environnement, aux faits qui l&rsquo;intriguent.</p>
<p>Lors de ses études, son intérêt grandissant pour la photographie de studio et la nature morte ne cesse de croître. Ainsi, son diplôme en poche, elle s&rsquo;achemine vers le still life, la photographie horlogère, et la reproduction d&rsquo;œuvres d&rsquo;art.</p>
<p>Actuellement, Caroline travaille au sein de SPECTRALS, studio dédié à la photographie et au graphisme, créé en 2015 en tandem avec Sébastien Bridot.</p>
<p>A l’instar de ses mandats, Caroline cherche et s&rsquo;active inlassablement à fabriquer des images tantôt fortes et impactantes, tantôt délicates et sensibles, donnant à voir sa perception au travers de la photographie.</p>
<p>Caroline Smyrliadis<br />
Photographe gréco-suisse<br />
Naissance en 1982 à Lausanne, Suisse<br />
Vit et travaille à La Chaux-de-Fonds, Suisse</p>
<p><a href=%22tel:+41787890440%22>+41 78 789 04 40</a></p>
<p><a href=%22mailto:caroline@spectrals.ch%22>caroline@spectrals.ch</a></p>
<p><a href=%22http://www.spectrals.ch%22 data-et-target-link=%22_blank%22 rel=%22noopener%22>www.spectrals.ch</a> » content_phone= »</p>
<p>Caroline Smyrliadis suit une formation %22duale%22 de photographe au sein du Centre Hospitalier Universitaire Vaudois (CHUV) à Lausanne, ainsi qu&rsquo;à l&rsquo;Ecole de photographie de Vevey (CEPV).</p>
<p>Cette alternance entre le domaine scientifique et artistique la marque profondément, déclenchant une forme de vision multidimensionnelle, réveillant ses réflexions de toujours, nourrissant ses sujets de prédilection. La création d&rsquo;images devient non seulement une façon d&rsquo;explorer de telles curiosités, mais également un moyen de répondre à son environnement, aux faits qui l&rsquo;intriguent.</p>
<p>Lors de ses études, son intérêt grandissant pour la photographie de studio et la nature morte ne cesse de croître. Ainsi, son diplôme en poche, elle s&rsquo;achemine vers le still life, la photographie horlogère, et la reproduction d&rsquo;œuvres d&rsquo;art.</p>
<p>Actuellement, Caroline travaille au sein de SPECTRALS, studio dédié à la photographie et au graphisme, créé en 2015 en tandem avec Sébastien Bridot.</p>
<p>A l’instar de ses mandats, Caroline cherche et s&rsquo;active inlassablement à fabriquer des images tantôt fortes et impactantes, tantôt délicates et sensibles, donnant à voir sa perception au travers de la photographie.</p>
<p>Caroline Smyrliadis<br />Photographe gréco-suisse<br />Naissance en 1982 à Lausanne, Suisse<br />Vit et travaille à La Chaux-de-Fonds, Suisse</p>
<p><a href=%22tel:+41787890440%22>+41 78 789 04 40</a></p>
<p><a href=%22mailto:caroline@spectrals.ch%22>caroline@spectrals.ch</a></p>
<p><a href=%22http://www.spectrals.ch%22 data-et-target-link=%22_blank%22 rel=%22noopener%22>www.spectrals.ch</a></p>
<p> » content_last_edited= »on|phone » _builder_version= »4.27.7&Prime; _module_preset= »default » text_font= »|300||||||| » text_text_color= »#000000&Prime; text_font_size= »15px » text_line_height= »1.3em » custom_margin= »-20px||||false|false » custom_margin_tablet= »-20px||||false|false » custom_margin_phone= »-20px||||false|false » custom_margin_last_edited= »on|phone » text_font_size_tablet= » » text_font_size_phone= »17px » text_font_size_last_edited= »on|phone » custom_css_free_form= ».selector {||  font-family: %22Helvetica Neue%22, Helvetica, Arial, sans-serif;||  font-weight: 300;||} » global_colors_info= »{} »]</p>
<p>Caroline Smyrliadis suit une formation « duale » de photographe au sein du Centre Hospitalier Universitaire Vaudois (CHUV) à Lausanne, ainsi qu&rsquo;à l&rsquo;Ecole de photographie de Vevey (CEPV).</p>
<p>Cette alternance entre le domaine scientifique et artistique la marque profondément, déclenchant une forme de vision multidimensionnelle, réveillant ses réflexions de toujours, nourrissant ses sujets de prédilection. La création d&rsquo;images devient non seulement une façon d&rsquo;explorer de telles curiosités, mais également un moyen de répondre à son environnement, aux faits qui l&rsquo;intriguent.</p>
<p>Lors de ses études, son intérêt grandissant pour la photographie de studio et la nature morte ne cesse de croître. Ainsi, son diplôme en poche, elle s&rsquo;achemine vers le still life, la photographie horlogère, et la reproduction d&rsquo;œuvres d&rsquo;art.</p>
<p>Actuellement, Caroline travaille au sein de SPECTRALS, studio dédié à la photographie et au graphisme, créé en 2015 en tandem avec Sébastien Bridot.</p>
<p>A l’instar de ses mandats, Caroline cherche et s&rsquo;active inlassablement à fabriquer des images tantôt fortes et impactantes, tantôt délicates et sensibles, donnant à voir sa perception au travers de la photographie.</p>
<p>Caroline Smyrliadis<br />Photographe gréco-suisse<br />Naissance en 1982 à Lausanne, Suisse<br />Vit et travaille à La Chaux-de-Fonds, Suisse</p>
<p><a href="tel:+41787890440">+41 78 789 04 40</a></p>
<p><a href="mailto:caroline@spectrals.ch">caroline@spectrals.ch</a></p>
<p><a href="http://www.spectrals.ch" target="_blank" rel="noopener">www.spectrals.ch</a></p>
<p>[/et_pb_text][/et_pb_column][/et_pb_row][/et_pb_section]</p>

<p>Caroline Smyrliadis suit une formation « duale » de photographe au sein du Centre Hospitalier Universitaire Vaudois (CHUV) à Lausanne, ainsi qu&rsquo;à l&rsquo;Ecole de photographie de Vevey (CEPV). Cette alternance entre le domaine scientifique et artistique la marque profondément, déclenchant une forme de vision multidimensionnelle, réveillant ses réflexions de toujours, nourrissant ses sujets de prédilection. La création d&rsquo;images devient non seulement une façon d&rsquo;explorer de telles curiosités, mais également un moyen de répondre à son environnement, aux faits qui l&rsquo;intriguent. Lors de ses études, son intérêt grandissant pour la photographie de studio et la nature morte ne cesse de croître. Ainsi, son diplôme en poche, elle s&rsquo;achemine vers le still life, la photographie horlogère, et la reproduction d&rsquo;œuvres d&rsquo;art. Actuellement, Caroline travaille au sein de SPECTRALS, studio dédié à la photographie et au graphisme, créé en 2015 en tandem avec Sébastien Bridot. A l’instar de ses mandats, Caroline cherche et s&rsquo;active inlassablement à fabriquer des images tantôt fortes et impactantes, tantôt délicates et sensibles, donnant à voir sa perception au travers de la photographie. Caroline SmyrliadisPhotographe gréco-suisseNaissance en 1982 à Lausanne, SuisseVit et travaille à La Chaux-de-Fonds, Suisse +41 78 789 04 40 caroline@spectrals.ch www.spectrals.ch</p>
